{"id":135,"date":"2016-02-21T09:01:31","date_gmt":"2016-02-21T09:01:31","guid":{"rendered":"http:\/\/demowp.cththemes.net\/monolit\/?page_id=135"},"modified":"2020-12-04T13:28:53","modified_gmt":"2020-12-04T13:28:53","slug":"hizmetlerimiz","status":"publish","type":"page","link":"http:\/\/keyyapi.com\/index.php\/hizmetlerimiz\/","title":{"rendered":"H\u0130ZMETLER\u0130M\u0130Z"},"content":{"rendered":"<p>[vc_row cth_layout=&#8221;monolit_page_sec&#8221;][vc_column offset=&#8221;vc_col-md-8&#8243;][vc_column_text]<\/p>\n<h2 class=\"section-title\">Neler <strong>Yap\u0131yoruz?<\/strong><\/h2>\n<p><strong>\u0130n\u015faat-Taahh\u00fct \u0130\u015fleri, Gayrimenkul Yat\u0131r\u0131mc\u0131l\u0131\u011f\u0131, Kentsel D\u00f6n\u00fc\u015f\u00fcm Dan\u0131\u015fmanl\u0131\u011f\u0131, Hasar Restorasyonu, Dekorasyon ve Proje Dan\u0131\u015fmanl\u0131\u011f\u0131<\/strong> alanlar\u0131nda faaliyet s\u00fcrd\u00fcrmekteyiz. \u00d6ncelikli hedefimiz; <strong>\u0130zmir<\/strong> ve \u00e7evresinde ger\u00e7ekle\u015fmekte olan kentsel d\u00f6n\u00fc\u015f\u00fcm hareketinde aktif rol ve sorumluluk \u00fcstlenerek, riskli yap\u0131 sahiplerinin ihtiyac\u0131 olan g\u00fcvenilir ve profesyonel hizmeti kendilerine sunarken kentin mimari dokusuna katk\u0131da bulunan projeleri hayata ge\u00e7irmektir.[\/vc_column_text][\/vc_column][vc_column][monolit_services count=&#8221;6&#8243; order=&#8221;ASC&#8221;][\/vc_column][\/vc_row]<\/p>\n","protected":false},"excerpt":{"rendered":"<p>[vc_row cth_layout=&#8221;monolit_page_sec&#8221;][vc_column offset=&#8221;vc_col-md-8&#8243;][vc_column_text] Neler Yap\u0131yoruz? \u0130n\u015faat-Taahh\u00fct \u0130\u015fleri, Gayrimenkul Yat\u0131r\u0131mc\u0131l\u0131\u011f\u0131, Kentsel D\u00f6n\u00fc\u015f\u00fcm Dan\u0131\u015fmanl\u0131\u011f\u0131, Hasar Restorasyonu, Dekorasyon ve Proje Dan\u0131\u015fmanl\u0131\u011f\u0131 alanlar\u0131nda faaliyet s\u00fcrd\u00fcrmekteyiz. \u00d6ncelikli hedefimiz; \u0130zmir ve \u00e7evresinde ger\u00e7ekle\u015fmekte olan kentsel d\u00f6n\u00fc\u015f\u00fcm hareketinde aktif rol ve sorumluluk \u00fcstlenerek, riskli yap\u0131 sahiplerinin ihtiyac\u0131 olan g\u00fcvenilir ve profesyonel hizmeti kendilerine sunarken kentin mimari dokusuna katk\u0131da bulunan projeleri hayata ge\u00e7irmektir.[\/vc_column_text][\/vc_column][vc_column][monolit_services [&hellip;]<\/p>\n","protected":false},"author":1,"featured_media":0,"parent":0,"menu_order":0,"comment_status":"closed","ping_status":"closed","template":"page-fullwidth.php","meta":[],"_links":{"self":[{"href":"http:\/\/keyyapi.com\/index.php\/wp-json\/wp\/v2\/pages\/135"}],"collection":[{"href":"http:\/\/keyyapi.com\/index.php\/wp-json\/wp\/v2\/pages"}],"about":[{"href":"http:\/\/keyyapi.com\/index.php\/wp-json\/wp\/v2\/types\/page"}],"author":[{"embeddable":true,"href":"http:\/\/keyyapi.com\/index.php\/wp-json\/wp\/v2\/users\/1"}],"replies":[{"embeddable":true,"href":"http:\/\/keyyapi.com\/index.php\/wp-json\/wp\/v2\/comments?post=135"}],"version-history":[{"count":6,"href":"http:\/\/keyyapi.com\/index.php\/wp-json\/wp\/v2\/pages\/135\/revisions"}],"predecessor-version":[{"id":740,"href":"http:\/\/keyyapi.com\/index.php\/wp-json\/wp\/v2\/pages\/135\/revisions\/740"}],"wp:attachment":[{"href":"http:\/\/keyyapi.com\/index.php\/wp-json\/wp\/v2\/media?parent=135"}],"curies":[{"name":"wp","href":"https:\/\/api.w.org\/{rel}","templated":true}]}}